3
Let d(n) = -659*n + 8615. Calculate d(13).
48
Let m(k) = k**2 + 33*k - 8. Calculate m(-28).
-148
Let y(t) = -t**3 - 9*t**2 - 8*t + 10. Calculate y(-4).
-38
Let v(u) = 129*u - 3981. What is v(31)?
18
Let f(x) = x**2 - 20*x + 121. Determine f(0).
121
Let i(w) = 27*w - 1097. Calculate i(23).
-476
Let w(o) = 234*o**2 - 2*o + 18. Calculate w(1).
250
Let u(r) = -3*r**3 - 4*r**2 - 3*r - 5. What is u(-2)?
9
Let c(q) = -7*q - 246. What is c(38)?
-512
Let w(q) = q**2 - 188*q + 1032. Calculate w(6).
-60
Let h(i) = i**3 + 15*i**2 - 127*i - 4. Determine h(-21).
17
Let u(c) = -297*c + 7123. Calculate u(24).
-5
Let l(q) = -259*q**3 + 2*q**2 + 7*q - 8. Calculate l(1).
-258
Let j(y) = -y**3 + 22*y**2 - 121*y + 26. Calculate j(9).
-10
Let o(k) = -105*k**2 - 1264*k - 30. Give o(-12).
18
Let z(t) = -194*t - 962. Determine z(-5).
8
Let p(o) = 12*o**2 + 64*o + 9. Determine p(-5).
-11
Let x(o) = -720*o + 2906. Determine x(4).
26
Let r(j) = 3*j + 16. Give r(-1).
13
Let m(g) = 2*g**3 + 20*g**2 - g + 4. Give m(0).
4
Let c(w) = w**3 + 51*w**2 + 292*w + 126. Give c(-6).
-6
Let l(j) = 4*j**3 + 38*j**2 + 54*j + 47. Calculate l(-8).
-1
Let d(q) = 6*q - 1667. Calculate d(122).
-935
Let u(f) = -4*f**3 + 162*f**2 + 83*f - 62. What is u(41)?
-21
Let z(j) = 71*j**2 - 4046*j - 15. Determine z(57).
42
Let q(t) = -134*t - 1014. Give q(-7).
-76
Let i(u) = -17*u**2 + 92*u - 38. Determine i(5).
-3
Let l(c) = -c**2 + 14*c + 977. Calculate l(-25).
2
Let h(f) = 2*f**3 + 2*f**2 + 18*f + 55. Determine h(-3).
-35
Let m(t) = -10281*t + 30843. Calculate m(3).
0
Let h(a) = -a**2 - 58*a - 568. Calculate h(-15).
77
Let t(p) = -2*p**3 - 51*p**2 + 26*p + 56. Give t(-26).
56
Let u(c) = 5*c**3 + 9*c**2 + 52. Calculate u(4).
516
Let z(q) = -q**2 - 405*q - 15247. Determine z(-42).
-1
Let t(y) = 1324*y + 37040. Determine t(-28).
-32
Let f(a) = -260*a + 25194. Give f(97).
-26
Let m(p) = -34*p - 2725. Determine m(-76).
-141
Let r(k) = 66*k - 102. Determine r(4).
162
Let b(g) = -g**3 + g**2 + 27*g - 45. What is b(2)?
5
Let l(s) = -39*s + 1101. Determine l(28).
9
Let s(f) = -521*f + 3655. Determine s(7).
8
Let k(r) = 15930*r + 63719. Determine k(-4).
-1
Let z(i) = -i**3 + 5*i**2 + 33*i - 33. Determine z(8).
39
Let t(g) = -g**3 - 16*g**2 - 46*g - 79. Give t(-13).
12
Let n(t) = -26*t + 94. Give n(-7).
276
Let j(w) = -49*w**2 - 8966*w + 183. What is j(-183)?
0
Let c(x) = -6*x**2 + 29*x + 498. Give c(-12).
-714
Let r(b) = -42*b + 24. What is r(-3)?
150
Let v(z) = 2*z**3 + 38*z**2 + 4*z - 26. What is v(-19)?
-102
Let m(n) = -71*n - 333. Determine m(-5).
22
Let u(q) = -4*q**3 - 48*q**2 + 35*q + 11. Give u(1).
-6
Let k(y) = -278*y**2 + 2*y. Determine k(1).
-276
Let d(h) = -3729*h - 22380. Give d(-6).
-6
Let u(x) = 12*x**2 + 203*x - 29. What is u(-17)?
-12
Let z(s) = -s**2 - 96*s + 1504. Give z(-109).
87
Let r(k) = -10*k + 16. Give r(-8).
96
Let w(p) = -6*p**3 + 2*p**2 + 13. What is w(3)?
-131
Let w(l) = -4*l**2 + 307*l + 1033. Calculate w(80).
-7
Let o(v) = -v**3 + 12*v**2 - 15*v - 13. Determine o(11).
-57
Let t(u) = 350*u - 355. Give t(1).
-5
Let n(r) = r**3 - 13*r**2 + 28*r + 4. What is n(3)?
-2
Let x(v) = 4*v**2 - 2269*v + 9042. What is x(4)?
30
Let q(c) = -421*c**3 + c**2 + c - 3. Determine q(1).
-422
Let f(c) = -7*c**2 + 378*c + 1194. Calculate f(57).
-3
Let i(j) = -j**2 - 17*j - 7. Calculate i(-23).
-145
Let m(z) = -2*z**3 - 29*z**2 + 201*z - 2. Give m(6).
-272
Let z(q) = -117*q - 5789. Calculate z(-49).
-56
Let y(i) = 57*i**2 + 28*i - 39. Give y(1).
46
Let l(k) = -9*k + 341. Calculate l(59).
-190
Let q(i) = -7*i**2 + 231*i - 981. Calculate q(28).
-1
Let a(v) = -41*v - 223. Give a(-6).
23
Let f(i) = -11*i**3 - 116*i**2 - 57*i + 22. What is f(-10)?
-8
Let z(y) = 59*y + 5536. What is z(-94)?
-10
Let j(x) = x**3 + 42*x**2 + 342*x + 3. Determine j(-31).
-28
Let f(k) = k**3 - 14*k**2 + 21*k + 61. Determine f(11).
-71
Let x(o) = 18*o - 65. Determine x(0).
-65
Let m(g) = -495*g - 2389. Calculate m(-5).
86
Let l(r) = -2*r**2 - 44*r - 41. What is l(-19)?
73
Let k(v) = -2*v**2 - 75*v + 9. Determine k(-37).
46
Let x(a) = -15*a - 343. Determine x(-23).
2
Let k(f) = -381*f + 6397. Calculate k(17).
-80
Let x(u) = -15*u**2 - 231*u - 700. What is x(-3)?
-142
Let z(n) = n**2 - 189*n + 1262. Give z(7).
-12
Let f(l) = -l**3 + 20*l**2 - 40*l + 139. Give f(9).
670
Let c(z) = -97*z - 916. Give c(-8).
-140
Let m(f) = 9*f**2 - 289*f + 814. What is m(29)?
2
Let i(c) = 28*c**3 + 3*c**2 + 15*c - 19. What is i(1)?
27
Let a(c) = -c**3 + 34*c**2 - 42*c + 97. Calculate a(33).
-200
Let h(p) = -27*p**3 + 5*p**2 + 68*p + 64. What is h(-1)?
28
Let b(x) = -44*x + 242. Give b(4).
66
Let m(a) = -19*a**2 - 219*a + 666. Calculate m(3).
-162
Let g(x) = 2*x**2 + 49*x - 907. Determine g(13).
68
Let g(y) = -9*y**2 + 282*y + 188. Give g(32).
-4
Let k(v) = v**2 + 256*v - 58155. Calculate k(145).
-10
Let y(z) = -z**3 - 5*z**2 - 106*z - 491. What is y(-5)?
39
Let t(r) = r**3 + 33*r**2 + 187*r + 658. Calculate t(-27).
-17
Let g(j) = -1836*j + 14560. What is g(8)?
-128
Let z(l) = l**3 - 18*l**2 + 40*l + 35. What is z(11)?
-372
Let w(s) = -s**3 + 4*s**2 - 12*s - 10. Give w(4).
-58
Let k(h) = h**3 - 20*h**2 + 6*h + 12. What is k(19)?
-235
Let o(n) = 4*n**2 - 55*n + 63. Determine o(12).
-21
Let v(o) = -o**2 + 28*o + 2006. Calculate v(61).
-7
Let d(f) = -3*f**2 - 223*f - 4149. Calculate d(-38).
-7
Let t(a) = a**3 + 32*a**2 + 208*a - 235. What is t(-22)?
29
Let p(o) = -o**3 - 54*o**2 + 479*o + 23315. Calculate p(-55).
-5
Let m(t) = 2*t**2 + 34*t - 10. What is m(-19)?
66
Let n(i) = -12494*i**2 - 49975*i - 4. Calculate n(-4).
-8
Let x(n) = 2053*n + 2049. Determine x(-1).
-4
Let v(w) = 5*w**2 - 148*w - 26. What is v(30)?
34
Let p(i) = -29*i**2 - 27*i - 5. Give p(3).
-347
Let c(o) = -53*o**2 - 4*o + 2. Calculate c(-2).
-202
Let v(x) = -x**3 - 82*x**2 + 432*x - 257. Determine v(-87).
4
Let s(y) = -y**2 - 87*y - 907. Give s(-12).
-7
Let z(m) = -2*m**3 - m**2 - 9*m - 42. Determine z(-5).
228
Let o(p) = -2*p**3 + 60*p**2 + 48*p + 441. What is o(31)?
7
Let o(x) = -x**3 - 9*x**2 + 127*x + 71. Calculate o(-16).
-169
Let u(j) = -j**3 - j**2 + 22*j - 11. Calculate u(6).
-131
Let q(r) = 957*r + 1910. Calculate q(-2).
-4
Let r(s) = -160*s + 8646. Calculate r(54).
6
Let u(m) = -m**2 - 9*m + 14. Calculate u(5).
-56
Let i(q) = 516*q + 120751. Calculate i(-234).
7
Let g(o) = -40*o + 441. What is g(11)?
1
Let g(x) = -1695*x + 33910. What is g(20)?
10
Let z(o) = -3*o**3 - 217*o**2 + 147*o + 84. Calculate z(-73).
11
Let a(x) = 20*x**2 - 195*x - 21. Give a(10).
29
Let p(h) = h**2 + 57*h + 796. Give p(-25).
-4
Let w(x) = -2*x**2 - 95*x + 824. Give w(-55).
-1
Let x(i) = i**3 + 89*i**2 - i - 79. Give x(-89).
10
Let o(q) = -249*q - 159. Give o(0).
-159
Let r(c) = -13*c**2 - 207*c - 174. Calculate r(-15).
6
Let n(g) = -5*g**2 + 115*g + 230. Determine n(-2).
-20
Let u(d) = -5*d**2 + 77*d - 226. What is u(13)?
-70
Let z(s) = 2*s**2 - 96*s - 31104. Calculate z(151).
2
Let n(o) = 10*o**2 - 5*o + 3. Calculate n(1).
8
Let m(q) = 12*q**2 + 61*q. Determine m(-5).
-5
Let n(f) = 2*f**2 - 26*f - 57. What is n(25)?
543
Let g(z) = z**2 - 202*z - 6702. Give g(-29).
-3
Let j(u) = u**3 + 15*u**2 + 21*u - 259. Give j(-11).
-6
Let n(d) = -28*d - 49. Calculate n(-6).
119
Let g(u) = -241*u + 11805. What is g(49)?
-4
Let b(s) = 2*s**3 - 51*s**2 + 78*s - 45. Calculate b(24).
99
Let n(v) = -17*v**3 + v**2 - v + 9. Give n(2).
-125
Let f(y) = y**2 - 45*y + 162. Calculate f(4).
-2
Let w(v) = -v**3 + 13*v**2 + 10*v - 268. Calculate w(13).
-138
Let a(g) = -g**3 + 12*g**2 + 4*g + 74. Calculate a(13).
-43
Let l(t) = t**2 - 13*t - 160. Determine l(20).
-20
Let u(a) = -a**3 + 127*a**2 - 267*a + 2123. Calculate u(125).
-2
Let v(p) = -143*p**3 - 11*p**2 + 8*p + 3. Give v(1).
-143
Let w(p) = 20*p**3 - p**2 + p - 1. Give w(-2).
-167
Let b(l) = -2*l**2 + 11*l + 108. Calculate b(10).
18
Let a(z) = -3*z**2 - 16*z - 121. Calculate a(-12).
-361
Let c(v) = 16*v**2 + 27*v + 10. What is c(7)?
983
Let s(y) = 2*y**3 + 19*y**2 + 14*y + 29. Give s(-9).
-16
Let j(g) = -2*g**3 + 12*g**2 + 6*g + 18. Calculate j(8).
-190
Let z(h) = 2*h**2 + 8*h - 18. Determine z(-7).
24
Let j(f) = 6*f**2 + 33*f + 162. Determine j(-5).
147
Let b(u) = -u**3 - 41*u**2 - 75*u + 106. What is b(-39)?
-11
Let h(k) = k**2 + 21*k + 178. Give h(-9).
70
Let s(